18 + 6 - 7)
16
What is the value of 4 + -9 - -9 - (-6 - -2)?
8
What is the value of 2 - -6 - (8 + 2 + -2)?
0
What is 3 + (-11 - -2 - (24 + -23))?
-7
Calculate 18 - (0 - -42) - -1.
-23
Calculate -1 + 10 + 1 + (3 - 7).
6
What is the value of 0 - (-1 + 2) - (-14 - -25)?
-12
Calculate (-24 - -20) + 7 + -5.
-2
Evaluate (-1 - (5 - 18)) + -6.
6
Calculate (6 - (35 - 21)) + (6 - 0).
-2
-15 + 30 + 15 + 5
35
Evaluate -6 + 12 + -3 + -9 + 3 + -7.
-10
What is the value of -2 + (-12 + 47 - 15)?
18
Evaluate (-143 - -135) + (26 - 1).
17
Calculate -6 + (-5 - (0 + (-6 - -2) + 3)).
-10
What is the value of 11 + -19 + (1 - -5) + -18?
-20
Evaluate -22 + 15 + -3 + 2.
-8
Evaluate 11 - (-35 - -23 - -2).
21
Evaluate -3 + (-3 - (-31 - -9)).
16
What is 0 + -28 + 1 + (2 - -2)?
-23
Calculate 49 - 27 - 43 - -10.
-11
Calculate (-50 - (-8 + -2)) + -3 - -15.
-28
Evaluate 36 + -14 + -13 + 0 + -4 + -7.
-2
What is the value of (7 - (-5 - -10)) + (2 - 0)?
4
Evaluate -13 - (-23 - 17 - -14) - (1 + -9).
21
What is 97 + -93 - (-4 - -5)?
3
(-25 - (-40 + 21 + -10)) + 14 + 1
19
What is 24 + -4 + -2 - 2?
16
Calculate (9 - 9) + (-2 - 2) + 6.
2
Evaluate 1 + (-185 - -189 - (2 - 8 - 1)).
12
What is the value of 2 - -1 - -8 - (64 - (-21 + 45))?
-29
What is the value of (-6 - -1) + 1 - -14 - -3?
13
Evaluate 43 - ((61 - 33) + 15).
0
What is (11 + -9 - -4) + -9 + 11?
8
-17 - (13 - 11 - -11 - 12)
-18
What is -2 + 12 + -50 + 35?
-5
Calculate 0 + -24 + 526 + -519.
-17
Calculate 11 - -29 - 45 - (-8 + (-2 - -1)).
4
What is -8 - ((1 - -13 - (12 - 4)) + 1)?
-15
Evaluate 4 + 0 + -9 + -1 - -1.
-5
Calculate (-11 + -3 + 4 - -7) + 7.
4
Evaluate -20 - (-3 - 1) - (-3 - (5 - 1)).
-9
What is the value of 0 + (0 - (-8 - -15)) - (-15 + 1)?
7
What is the value of 10 + 0 + (1 - (-5 + 11 + -12))?
17
Evaluate 0 + -9 - (-197 + 171 + (-5 - -1)).
21
What is the value of 6 - (-81 + 24 - -40)?
23
What is 28 + -17 + (4 - (7 + -2))?
10
Evaluate 2 + 4 + (-1 - 12) + 3.
-4
Calculate 21 + (-1 - 15) + (-2 - 0) - 0.
3
-2 - -3 - (12 + (-23 - -7)) - 4
1
149 + -153 - (-3 + (9 - 3) - 11)
4
What is the value of 4 + 0 + 7 + -9 - (25 - 5)?
-18
What is the value of 25 + 232 + -240 + 7 + -1?
23
Evaluate 553 - 536 - (-7 - (-1 + -2)).
21
What is -37 + (-25 - (-64 - -33))?
-31
Calculate 20 + (1 - -1) + -10 + -5.
7
What is -12 + 2 + (-1 + 9 - (-6 + 11))?
-7
Calculate -34 + 19 - (15 - 29).
-1
Calculate -23 - (-20 + (-20 - -15)).
2
Calculate (-5 - (-2 + -5)) + -9 + -5.
-12
Calculate 1 + -22 - (-94 + 81).
-8
Evaluate -19 - (15 - 11) - (-1 + -7).
-15
Evaluate (-9 - (0 - 1)) + (-17 - (4 - 17)).
-12
What is -27 + 21 + -9 + (-1 - -7)?
-9
What is 6 + 0 + (48 - (-41 + 95))?
0
Evaluate (2 + -8 + 0 - 0) + (-158 - -154).
-10
What is the value of (1 - -9) + (-43 - (-45 + 19))?
-7
35 + 29 + -24 + -19
21
What is the value of 368 + -313 + (-21 - 0)?
34
(7 - 25) + -8 + 44
18
What is the value of 6 - ((-11 - -5 - (8 - 6)) + 7)?
7
Evaluate 2 + -16 - -2 - (504 - 490).
-26
What is -13 - (-16 - (-8 + 14))?
9
What is the value of (621 - 641) + (31 - 1)?
10
What is 15 - (-3 + (-19 - -36))?
1
What is (-16 - (-26 + 16)) + 5 - (0 + 8)?
-9
-11 - ((-10 + 12 - 4) + -12)
3
What is 8 + (-24 - 14) + 9?
-21
Evaluate (-23 - -2) + 23 + (9 - 21).
-10
Calculate -3 + 0 + (2 - 3) - (-221 - -198).
19
-14 + 0 - ((-10 - -6) + 1) - -5
-6
Evaluate -3 + 2 - (5 - 6) - (3 - 2).
-1
Calculate -1 + -21 + (-1 - (-4 + 2)).
-21
What is the value of 13 - ((-18 - -2) + (29 - -31))?
-31
Evaluate 1 + -34 + -96 + 105 - -4.
-20
What is the value of 3 + 1 + (-135 - -143)?
12
What is the value of -5 - (-10 + -1 + (-5 - 11) + 11)?
11
Calculate (195 - 188) + (-9 - 2) + (6 - 0).
2
What is the value of 3 - 2 - (-6 - -2) - (-232 - -223)?
14
4 - (5 + -8 + 5) - -4
6
Calculate -16 - (-16 + -19) - (0 + 7).
12
Evaluate -6 - (7 + -8) - 5.
-10
0 + -17 + -13 + (-8 + 5 - -17)
-16
Calculate -10 + 8 + 4 + -5 + 8.
5
What is 26 + -27 + -9 - (-12 + 2)?
0
Calculate 29 + 2 + 124 + -60 + -65.
30
Calculate -16 + -24 + -11 + 35.
-16
(-6 - -23 - 13) + (-5 - -1) + 3
3
Calculate (15 - ((9 - 10) + 11) - 11) + -6.
-12
(9 - (7 - 2)) + -6 - (5 + -5)
-2
Evaluate (23 - 16) + -11 + 22.
18
(5 - -4) + (11 - 9) - -5
16
What is the value of 8 + 0 + (-15 - -1)?
-6
Calculate (1 - -1) + 4 + 7 + -7 + 2.
8
Calculate (-1 - (-32 - -16)) + -19 + 1 + -7.
-10
(-2 - 0) + -7 + (4 + 1 - 4)
-8
Evaluate (0 - (2 - -3)) + -6 + 11 + -1.
-1
Evaluate (-2 - 13 - -26) + 0.
11
What is the value of -8 + (0 - -7) - -8?
7
What is the value of -2214 + 2172 + (26 - -1)?
-15
What is the value of (-19 - (6 + -3)) + 21?
-1
What is the value of (-5 - -7) + -7 + -3 + 5 + 23?
20
Evaluate -28 + -3 + (-13 - -23).
-21
What is the value of 2 + (22 + -12 - 11)?
1
What is -18 - -7 - (-1 + 5 - 5)?
-10
Evaluate -16 + (-4 - -22) + -16.
-14
What is the value of 15 - (8 - 10 - -5)?
12
(-4 + 0 + 3 - 0) + (-16 - -21)
4
Calculate 2 + -11 + 2 - (7 + -53 + 29).
10
Calculate 25 - (-3 - (-39 + 4)).
-7
What is 12 + -38 + 9 + 18?
1
(11 - 0) + 1 + 1 + -6790 + 6791
14
What is -13 + 1 + 4 + 0 + -11 + 15?
-4
6 - 7 - 2 - ((-8 - 0) + 5)
0
Calculate 6 + (8 - (3 + -1 + 6)) - 6.
0
Evaluate -18 + (-13 - (-37 - -3)).
3
What is -2 + 6 + 2 + -29 + 4?
-19
0 + (0 - 0) - -11
11
Calculate (-10 - 0) + (-23 - -5) + 13.
-15
-5 - (-48 + 3 - (32 + -21 - 21))
30
What is 11 + (-3 - (-6 - -26 - 8))?
-4
Calculate -3 - (29 - 23 - (2 - -1)) - -10.
4
What is -20 + (-2 - 5 - -18) - (-1 + 5)?
-13
7 + -2 - (-2 - (-9 - -8)) - -1
7
Evaluate (-2 - 8) + (-45 - (-18 - 39)).
2
0 + -9 - -27 - 7 - 48
-37
What is 20 - -2 - (38 + -15 + -33 + 2)?
30
Calculate (-15 - 5) + (38 - 24).
-6
What is 16 - ((10 - 11) + 10)?
7
Calculate 0 - (4 + 7 - 3).
-8
Calculate -71 + 75 + (1 - 3) + -1.
1
What is the value of -41 - 0 - (259 + -293)?
-7
73 - 66 - ((-4 - -13) + -3)
1
Calculate (-9 - 7) + (58 - 29) - -1.
14
0 + -6 + -7 - (-5 - (-1 + 1))
-8
-9 + -23 + (22 - -24)
14
What is the value of 38 + (42 - 84) - (-1 + 5 - -1)?
-9
What is -18 + 5 + 3 + (15 - 17)?
-12
Calculate -16 + (1 - -31 - 2).
14
(2 + -9 - -15) + 1
9
(25 - 19) + (4 - (11 - 5))
4
What is (1 + -6 - (-11 - -3)) + -4?
-1
-13 - (-8 + 14) - -18
-1
What is 34 + -29 + -11 - (-1 + -12 - 1)?
8
(8 + 2 - 0) + 2 + -4 + -3
5
Evaluate (14 - (-1 + 1)) + (-25 - -19).
8
Evaluate 8 + 81 + -76 + -30 + -2.
-19
What is -7 + -12 + 18 + (-2 - (3 + -18))?
12
Evaluate (-19 - ((8 - 26) + 11)) + 2 + 5.
-5
What is 20 + (30 - 27) - 9?
14
-6 + -30 - ((-20 - -5) + 5)
-26
Evaluate 5 + (1 - -5) + -34 + 38 + 0.
15
What is 38 + (-18 - (-41 + 13 - -10))?
38
What is the value of 1 + -3 + (16 - 20) + 1 - -4?
-1
Calculate (-3 - -19 - (0 - 8)) + (2 - -3).
29
Calculate 6 - (3 + -4 - (-13 - -7)).
1
What is the value of -3 - (-4 - -1) - 11 - (50 - 23)?
-38
Calculate -167 - -185 - (2 - 7).
23
Calculate -17 + (32 + 14 - 0) + -9.
20
Evaluate 12 + 2 + (-4 - 0 - 0 - 1).
9
What is (7 - 1) + -23 + (4 + 17 - 11)?
-7
Evaluate 18 - (13 - 2 - (-40 + 44)).
11
-1 + (-18 + 56 - 20)
17
What is the value of (-9 - 4) + 5 + (-2 - -4) + 22?
16
-7 + -6 + 12 + 6 + -8 + -5
-8
Evaluate (-2 - -3) + -2 + (-5 - -5).
-1
Evaluate -3 - (5 + -4 - 5 - (-1 - -5)).
5
Calculate -9 - (2 + -6 + (11 - 9) + -27).
20
Evaluate -10 + 7 + (-9 - -7) - (1 - 0).
-6
Calculate (-1 - 0) + 14 + 0 + 508 + -500.
21
Evaluate -9 - (13 + 15 + -48).
11
What is the value of -914 + 912 - (1 - (12 - 0))?
9
What is 2 + -10 + (-24 - -20) + -1?
-13
What is 13 - (29 - 10 - 6)?
0
16 + 24 + -13 + -28
-1
Calculate 20 - (4 - 1 - 3 - (72 + -78)).
14
Evaluate 16 + ((4 - 5) + -4 - (-12 + 15)).
8
(0 - (-23 - (-5 - -9))) + -12
15
Calculate 4 - 33 - (-29 + -16).
16
What is -11 - (-8 + 4 - 17)?
10
What is the value of (-257 - -255) + (0 - 0 - -6) - 10?
-6
Calculate 33 - (103 - 109 - (-8 + -1)).
30
Evaluate (-12 - -24 - 29) + (1 - -4).
-12
What is (-4 - 7) + (3 - (0 + 8))?
-16
Calculate (-7 + 3 + -3 + 6 - -2) + 9.
10
What is 9 + -17 + 1 + 5 + -10?
-12
2 - (5 + -8) - 4
1
Calculate (1 + -3 - -2) + 0 + 19 + -33.
-14
What is the value of -7 + (9 - (4 - 5)) - 12?
-9
What is (2 - (-76 + 84)) + (1 - 18)?
-23
Evaluate 46 - (9 + (12 - -4)).
21
Calculate 6 + 3 + (31 + -31 - (1 + 9)).
-1
What is the value of 1 + -8 + (18 - 10) - (-1 - 0)?
2
-146 - -157 - ((-11 - -2) + (-15 - -13))
22
Evaluate -19 - (0 + -12 + -11).
4
Calculate 47 - (22 + -6) - 15.
16
515 - 503 - (9 + 0 + -1 - 2)
6
-12 + (4 - (-2 + 10) - 8)
-